{"id":70,"date":"2021-04-13T16:40:59","date_gmt":"2021-04-13T14:40:59","guid":{"rendered":"https:\/\/kidscourage.blinkenbox.net\/?page_id=70"},"modified":"2022-04-06T15:43:38","modified_gmt":"2022-04-06T13:43:38","slug":"wer-sind-wir-was-machen-wir","status":"publish","type":"page","link":"https:\/\/kidscourage.blinkenbox.net\/index.php\/wer-sind-wir-was-machen-wir\/","title":{"rendered":"Wer sind wir &#038; was machen wir?"},"content":{"rendered":"\n<h1 class=\"wp-block-heading\">Wer sind wir &amp; was machen wir?<\/h1>\n\n\n\n<p>\u201eKidsCourage &#8211; f\u00fcr Kinderrechte\u201c ist ein au\u00dferschulisches Bildungsprojekt, das an Grundschulen Projekttage zur den Kinderrechten durchf\u00fchrt.<\/p>\n\n\n\n<p>Seit 2003 schult KidsCourage Jugendliche zwischen 15-25 Jahren, mit Interesse an politischer Bildungsarbeit, um auf Grundlage der UN-Kinderrechtskonvention kostenlose Projekttage f\u00fcr Berliner Grundschulen anzubieten. Das Team besteht momentan aus ca. 20 Menschen, die aktiv an der Durchf\u00fchrung, aber auch der Weiterentwicklung der Projekttage arbeiten. Das Engagement der Teamer*innen passiert auf ehrenamtlicher Basis, wird aber trotzdem mit einer Aufwandsentsch\u00e4digung verg\u00fctet.<\/p>\n\n\n\n<div class=\"wp-block-image\"><figure class=\"aligncenter size-large is-resized\"><img loading=\"lazy\" decoding=\"async\" src=\"https:\/\/kidscourage.blinkenbox.net\/wp-content\/uploads\/2022\/04\/191218-illu-projektteam_2-edited.jpg\" alt=\"\" class=\"wp-image-1091\" width=\"572\" height=\"357\" srcset=\"https:\/\/kidscourage.blinkenbox.net\/wp-content\/uploads\/2022\/04\/191218-illu-projektteam_2-edited.jpg 1684w, https:\/\/kidscourage.blinkenbox.net\/wp-content\/uploads\/2022\/04\/191218-illu-projektteam_2-edited-300x188.jpg 300w, https:\/\/kidscourage.blinkenbox.net\/wp-content\/uploads\/2022\/04\/191218-illu-projektteam_2-edited-1024x640.jpg 1024w, https:\/\/kidscourage.blinkenbox.net\/wp-content\/uploads\/2022\/04\/191218-illu-projektteam_2-edited-768x480.jpg 768w, https:\/\/kidscourage.blinkenbox.net\/wp-content\/uploads\/2022\/04\/191218-illu-projektteam_2-edited-1536x960.jpg 1536w\" sizes=\"auto, (max-width: 572px) 100vw, 572px\" \/><\/figure><\/div>\n\n\n\n<h4 class=\"wp-block-heading\">Unsere Projekttage<\/h4>\n\n\n\n<p>Die Projekttage best\u00e4rken die Kinder in ihrem Selbstbewusstsein, regen dazu an, Respekt f\u00fcr Vielfalt zu entwickeln, sensibilisieren sie f\u00fcr ihr eigenes diskriminierendes und vorurteilsbehaftetes Verhalten und motivieren sie, gegen gesellschaftliche Ungleichbehandlung aktiv zu werden. Diese gleichen Ziele gelten auch f\u00fcr die Teamer*innen von KidsCourage, die durch ihre T\u00e4tigkeit im Projekt lernen, Vorurteilen und Diskriminierung kritisch zu begegnen und f\u00fcr eine gerechtere Gesellschaft einzustehen.<\/p>\n\n\n\n<h4 class=\"wp-block-heading\">Unsere p\u00e4dagogische Haltung<\/h4>\n\n\n\n<p>Die Projektarbeit setzt daher seitens der Teamer*innen eine hohe Motivation voraus, sich auch selbst mit den Themen der Projekttage auseinanderzusetzen. Das ist vor allem wichtig, weil die Teamer*innen in den Projekttagen verhindern sollen, Diskriminierungserfahrungen einzelner Sch\u00fcler*innen, sowie sich selbst, zu wiederholen. Ohne aber zu wissen, welche Auswirkungen Diskriminierungen auf sie selbst und andere haben, k\u00f6nnen die Teamer*innen in solchen Situationen nicht gut reagieren. Wir als KidsCourage-Team legen daher Wert darauf, dass jede*r Teamer*in \u00fcber die eigenen Positionierungen und Privilegien, z.B. in Bezug auf Rassismus, Klassismus und Adultismus reflektiert. Wir unterst\u00fctzen und f\u00f6rdern diese Reflektions- und Bildungsprozesse bei unseren Weiterbildungen, Teamtreffen und Teamfahrten. Diese finden regelm\u00e4\u00dfig statt und dienen dar\u00fcber hinaus der Teamst\u00e4rkung und erm\u00f6glichen den Austausch innerhalb des Teams, meistens aus unterschiedlichsten Perspektiven.<\/p>\n\n\n\n<h4 class=\"wp-block-heading\">Voneinander Lernen<\/h4>\n\n\n\n<p>KidsCourage ist ein Projekt von Jugendlichen f\u00fcr Jugendliche. Das hei\u00dft, dass erfahrene Teamer*innen Neueinsteiger*innen auf ihrem Weg begleiten, ihre T\u00e4tigkeit als Teamer*in zu reflektieren und weiterzuentwickeln. Das Team erarbeitet sich so auf sehr unterschiedliche Weise eine gemeinsame p\u00e4dagogische und inhaltliche Grundhaltung, die nach unseren Vorstellungen vorurteilsbewusst und diskriminierungskritisch ist.<\/p>\n\n\n\n<p>Du hast Lust mitzumachen?! Dann schreibe uns eine Mail \u00fcber das <a href=\"https:\/\/kidscourage.blinkenbox.net\/index.php\/impressum-kontakt\/\" data-type=\"page\" data-id=\"36\">Kontaktformular<\/a>.<\/p>\n","protected":false},"excerpt":{"rendered":"<p>Wer sind wir &amp; was machen wir? \u201eKidsCourage &#8211; f\u00fcr Kinderrechte\u201c ist ein au\u00dferschulisches Bildungsprojekt, das an Grundschulen Projekttage zur den Kinderrechten durchf\u00fchrt. Seit 2003 schult KidsCourage Jugendliche zwischen 15-25 Jahren, mit Interesse an politischer Bildungsarbeit, um auf Grundlage der UN-Kinderrechtskonvention kostenlose Projekttage f\u00fcr Berliner Grundschulen anzubieten. Das Team besteht momentan aus ca. 20 Menschen, [&hellip;]<\/p>\n","protected":false},"author":2,"featured_media":0,"parent":0,"menu_order":0,"comment_status":"closed","ping_status":"closed","template":"","meta":{"footnotes":""},"class_list":["post-70","page","type-page","status-publish","hentry","entry"],"uagb_featured_image_src":{"full":false,"thumbnail":false,"medium":false,"medium_large":false,"large":false,"1536x1536":false,"2048x2048":false,"ocean-thumb-m":false,"ocean-thumb-ml":false,"ocean-thumb-l":false},"uagb_author_info":{"display_name":"courage-admin","author_link":"https:\/\/kidscourage.blinkenbox.net\/index.php\/author\/courage-admin\/"},"uagb_comment_info":0,"uagb_excerpt":"Wer sind wir &amp; was machen wir? \u201eKidsCourage &#8211; f\u00fcr Kinderrechte\u201c ist ein au\u00dferschulisches Bildungsprojekt, das an Grundschulen Projekttage zur den Kinderrechten durchf\u00fchrt. Seit 2003 schult KidsCourage Jugendliche zwischen 15-25 Jahren, mit Interesse an politischer Bildungsarbeit, um auf Grundlage der UN-Kinderrechtskonvention kostenlose Projekttage f\u00fcr Berliner Grundschulen anzubieten. Das Team besteht momentan aus ca. 20 Menschen,&hellip;","_links":{"self":[{"href":"https:\/\/kidscourage.blinkenbox.net\/index.php\/wp-json\/wp\/v2\/pages\/70","targetHints":{"allow":["GET"]}}],"collection":[{"href":"https:\/\/kidscourage.blinkenbox.net\/index.php\/wp-json\/wp\/v2\/pages"}],"about":[{"href":"https:\/\/kidscourage.blinkenbox.net\/index.php\/wp-json\/wp\/v2\/types\/page"}],"author":[{"embeddable":true,"href":"https:\/\/kidscourage.blinkenbox.net\/index.php\/wp-json\/wp\/v2\/users\/2"}],"replies":[{"embeddable":true,"href":"https:\/\/kidscourage.blinkenbox.net\/index.php\/wp-json\/wp\/v2\/comments?post=70"}],"version-history":[{"count":9,"href":"https:\/\/kidscourage.blinkenbox.net\/index.php\/wp-json\/wp\/v2\/pages\/70\/revisions"}],"predecessor-version":[{"id":1260,"href":"https:\/\/kidscourage.blinkenbox.net\/index.php\/wp-json\/wp\/v2\/pages\/70\/revisions\/1260"}],"wp:attachment":[{"href":"https:\/\/kidscourage.blinkenbox.net\/index.php\/wp-json\/wp\/v2\/media?parent=70"}],"curies":[{"name":"wp","href":"https:\/\/api.w.org\/{rel}","templated":true}]}}