{"id":46,"date":"2021-04-13T16:31:04","date_gmt":"2021-04-13T14:31:04","guid":{"rendered":"https:\/\/kidscourage.blinkenbox.net\/?page_id=46"},"modified":"2022-04-06T12:32:37","modified_gmt":"2022-04-06T10:32:37","slug":"kidscourage-kommt-in-deine-schule","status":"publish","type":"page","link":"https:\/\/kidscourage.blinkenbox.net\/index.php\/kidscourage-kommt-in-deine-schule\/","title":{"rendered":"KidsCourage kommt in deine Schule!"},"content":{"rendered":"\n<h1 class=\"wp-block-heading\">KidsCourage kommt in deine Schule!<\/h1>\n\n\n\n<p>Wie verl\u00e4uft eigentlich so ein Projekttag mit KidsCourage?<\/p>\n\n\n\n<p>Wahrscheinlich ist es f\u00fcr dich noch ziemlich schwer vorzustellen, wie so ein Tag mit uns verl\u00e4uft. Es gibt 4 verschiedene Projekttage, die sich alle mit ein bisschen anderen Themen besch\u00e4ftigen. Der Ablauf ist aber immer sehr \u00e4hnlich. <\/p>\n\n\n\n<p>Lass es uns mal zusammenfassen:<\/p>\n\n\n\n<ul class=\"wp-block-list\"><li>Zwei junge Teamer*innen kommen f\u00fcr einen Schultag in deine Klasse.<\/li><li>Alle lernen sich mit Hilfe von Spielen kennen und die Teamer*innen erz\u00e4hlen euch dann von der UN-Kinderrechtskonvention, damit ihr eure Rechte besser kennenlernen k\u00f6nnt.<\/li><li>Das KidsCourage-Team hat viele Spiele und sehr viel Material, wie Stifte, B\u00fccher, Knete, Papier, Kuscheltiere, B\u00e4lle, Plakate, Videos und Musik dabei. Damit k\u00f6nnen wir uns den ganzen Tag lang noch besser mit den Themen Kinderrechte und Diskriminierung besch\u00e4ftigen, ohne dass es langweilig wird.<\/li><li>Ganz wichtig zu wissen: Unsere Projekttage sind freiwillig und ihr bekommt f\u00fcr eure Mitarbeit keine Noten. Wenn ihr nicht mitmachen wollt, k\u00f6nnt oder nicht die ganze Zeit dabei seid, ist das kein Problem! Bei uns geht es darum beim Lernen auch Spa\u00df zu haben und f\u00fcr sich selbst Entscheidungen zu treffen.<\/li><li>Wir bringen f\u00fcr diesen Fall B\u00fccher und Material mit, das ihr benutzen k\u00f6nnt.<\/li><li>Zwischendurch werden wir nat\u00fcrlich auch viele Pausen machen.<\/li><li>Und am Ende des Projekttages wollen wir noch wissen, wie es euch gefallen hat und machen eine gemeinsame Auswertung.<\/li><\/ul>\n\n\n\n<h3 class=\"wp-block-heading\">Alle Projekttage:<\/h3>\n\n\n\n<p>Hier findest du alle Projekttage, die wir in Grundschulen anbieten. Wir haben jeweils eine Beschreibung daneben geschrieben.<\/p>\n\n\n\n<div class=\"wp-block-columns alignfull is-layout-flex wp-container-core-columns-is-layout-9d6595d7 wp-block-columns-is-layout-flex\">\n<div class=\"wp-block-column is-layout-flow wp-block-column-is-layout-flow\" style=\"flex-basis:33.33%\">\n<figure class=\"wp-block-image size-large\"><img loading=\"lazy\" decoding=\"async\" width=\"1024\" height=\"644\" src=\"https:\/\/kidscourage.blinkenbox.net\/wp-content\/uploads\/2021\/04\/schutz-vor-gewalt-scaled-e1618995727764-1024x644.jpg\" alt=\"\" class=\"wp-image-458\" srcset=\"https:\/\/kidscourage.blinkenbox.net\/wp-content\/uploads\/2021\/04\/schutz-vor-gewalt-scaled-e1618995727764-1024x644.jpg 1024w, https:\/\/kidscourage.blinkenbox.net\/wp-content\/uploads\/2021\/04\/schutz-vor-gewalt-scaled-e1618995727764-300x189.jpg 300w, https:\/\/kidscourage.blinkenbox.net\/wp-content\/uploads\/2021\/04\/schutz-vor-gewalt-scaled-e1618995727764-768x483.jpg 768w, https:\/\/kidscourage.blinkenbox.net\/wp-content\/uploads\/2021\/04\/schutz-vor-gewalt-scaled-e1618995727764-1536x967.jpg 1536w, https:\/\/kidscourage.blinkenbox.net\/wp-content\/uploads\/2021\/04\/schutz-vor-gewalt-scaled-e1618995727764.jpg 1810w\" sizes=\"auto, (max-width: 1024px) 100vw, 1024px\" \/><\/figure>\n<\/div>\n\n\n\n<div class=\"wp-block-column is-layout-flow wp-block-column-is-layout-flow\" style=\"flex-basis:66.66%\">\n<h4 class=\"wp-block-heading\">Projekttag F &#8211; F\u00fcr Kinderrechte!<\/h4>\n\n\n\n<p>In Bearbeitung.<\/p>\n<\/div>\n<\/div>\n\n\n\n<figure class=\"wp-block-image size-large\"><img loading=\"lazy\" decoding=\"async\" width=\"1024\" height=\"14\" src=\"https:\/\/kidscourage.blinkenbox.net\/wp-content\/uploads\/2021\/05\/divider_tabelle_2-1024x14.png\" alt=\"\" class=\"wp-image-635\" srcset=\"https:\/\/kidscourage.blinkenbox.net\/wp-content\/uploads\/2021\/05\/divider_tabelle_2-1024x14.png 1024w, https:\/\/kidscourage.blinkenbox.net\/wp-content\/uploads\/2021\/05\/divider_tabelle_2-300x4.png 300w, https:\/\/kidscourage.blinkenbox.net\/wp-content\/uploads\/2021\/05\/divider_tabelle_2-768x10.png 768w, https:\/\/kidscourage.blinkenbox.net\/wp-content\/uploads\/2021\/05\/divider_tabelle_2-1536x20.png 1536w, https:\/\/kidscourage.blinkenbox.net\/wp-content\/uploads\/2021\/05\/divider_tabelle_2-2048x27.png 2048w\" sizes=\"auto, (max-width: 1024px) 100vw, 1024px\" \/><\/figure>\n\n\n\n<div class=\"wp-block-columns alignfull is-layout-flex wp-container-core-columns-is-layout-9d6595d7 wp-block-columns-is-layout-flex\">\n<div class=\"wp-block-column is-layout-flow wp-block-column-is-layout-flow\" style=\"flex-basis:33.33%\">\n<figure class=\"wp-block-image size-large\"><img loading=\"lazy\" decoding=\"async\" width=\"1024\" height=\"583\" src=\"https:\/\/kidscourage.blinkenbox.net\/wp-content\/uploads\/2021\/04\/meinungsfreiheit-scaled-e1618995695883-1024x583.jpg\" alt=\"\" class=\"wp-image-460\" srcset=\"https:\/\/kidscourage.blinkenbox.net\/wp-content\/uploads\/2021\/04\/meinungsfreiheit-scaled-e1618995695883-1024x583.jpg 1024w, https:\/\/kidscourage.blinkenbox.net\/wp-content\/uploads\/2021\/04\/meinungsfreiheit-scaled-e1618995695883-300x171.jpg 300w, https:\/\/kidscourage.blinkenbox.net\/wp-content\/uploads\/2021\/04\/meinungsfreiheit-scaled-e1618995695883-768x437.jpg 768w, https:\/\/kidscourage.blinkenbox.net\/wp-content\/uploads\/2021\/04\/meinungsfreiheit-scaled-e1618995695883-1536x874.jpg 1536w, https:\/\/kidscourage.blinkenbox.net\/wp-content\/uploads\/2021\/04\/meinungsfreiheit-scaled-e1618995695883.jpg 1810w\" sizes=\"auto, (max-width: 1024px) 100vw, 1024px\" \/><\/figure>\n<\/div>\n\n\n\n<div class=\"wp-block-column is-layout-flow wp-block-column-is-layout-flow\" style=\"flex-basis:66.66%\">\n<h4 class=\"wp-block-heading\">Projekttag E &#8211; Vielfalt lebt!<\/h4>\n\n\n\n<p>In Bearbeitung.<\/p>\n<\/div>\n<\/div>\n\n\n\n<figure class=\"wp-block-image size-large\"><img loading=\"lazy\" decoding=\"async\" width=\"1024\" height=\"14\" src=\"https:\/\/kidscourage.blinkenbox.net\/wp-content\/uploads\/2021\/05\/divider_tabelle_2-1024x14.png\" alt=\"\" class=\"wp-image-635\" srcset=\"https:\/\/kidscourage.blinkenbox.net\/wp-content\/uploads\/2021\/05\/divider_tabelle_2-1024x14.png 1024w, https:\/\/kidscourage.blinkenbox.net\/wp-content\/uploads\/2021\/05\/divider_tabelle_2-300x4.png 300w, https:\/\/kidscourage.blinkenbox.net\/wp-content\/uploads\/2021\/05\/divider_tabelle_2-768x10.png 768w, https:\/\/kidscourage.blinkenbox.net\/wp-content\/uploads\/2021\/05\/divider_tabelle_2-1536x20.png 1536w, https:\/\/kidscourage.blinkenbox.net\/wp-content\/uploads\/2021\/05\/divider_tabelle_2-2048x27.png 2048w\" sizes=\"auto, (max-width: 1024px) 100vw, 1024px\" \/><\/figure>\n\n\n\n<div class=\"wp-block-columns alignfull is-layout-flex wp-container-core-columns-is-layout-9d6595d7 wp-block-columns-is-layout-flex\">\n<div class=\"wp-block-column is-layout-flow wp-block-column-is-layout-flow\" style=\"flex-basis:33.33%\">\n<figure class=\"wp-block-image size-large\"><img loading=\"lazy\" decoding=\"async\" width=\"1024\" height=\"652\" src=\"https:\/\/kidscourage.blinkenbox.net\/wp-content\/uploads\/2021\/04\/bildung-scaled-e1618995658828-1024x652.jpg\" alt=\"\" class=\"wp-image-454\" srcset=\"https:\/\/kidscourage.blinkenbox.net\/wp-content\/uploads\/2021\/04\/bildung-scaled-e1618995658828-1024x652.jpg 1024w, https:\/\/kidscourage.blinkenbox.net\/wp-content\/uploads\/2021\/04\/bildung-scaled-e1618995658828-300x191.jpg 300w, https:\/\/kidscourage.blinkenbox.net\/wp-content\/uploads\/2021\/04\/bildung-scaled-e1618995658828-768x489.jpg 768w, https:\/\/kidscourage.blinkenbox.net\/wp-content\/uploads\/2021\/04\/bildung-scaled-e1618995658828-1536x978.jpg 1536w, https:\/\/kidscourage.blinkenbox.net\/wp-content\/uploads\/2021\/04\/bildung-scaled-e1618995658828.jpg 1810w\" sizes=\"auto, (max-width: 1024px) 100vw, 1024px\" \/><\/figure>\n<\/div>\n\n\n\n<div class=\"wp-block-column is-layout-flow wp-block-column-is-layout-flow\" style=\"flex-basis:66.66%\">\n<h4 class=\"wp-block-heading\">Projekttag B &#8211; Kinder in Krieg und Flucht<\/h4>\n\n\n\n<p>In Bearbeitung.<\/p>\n<\/div>\n<\/div>\n\n\n\n<figure class=\"wp-block-image size-large\"><img loading=\"lazy\" decoding=\"async\" width=\"1024\" height=\"14\" src=\"https:\/\/kidscourage.blinkenbox.net\/wp-content\/uploads\/2021\/05\/divider_tabelle_2-1024x14.png\" alt=\"\" class=\"wp-image-635\" srcset=\"https:\/\/kidscourage.blinkenbox.net\/wp-content\/uploads\/2021\/05\/divider_tabelle_2-1024x14.png 1024w, https:\/\/kidscourage.blinkenbox.net\/wp-content\/uploads\/2021\/05\/divider_tabelle_2-300x4.png 300w, https:\/\/kidscourage.blinkenbox.net\/wp-content\/uploads\/2021\/05\/divider_tabelle_2-768x10.png 768w, https:\/\/kidscourage.blinkenbox.net\/wp-content\/uploads\/2021\/05\/divider_tabelle_2-1536x20.png 1536w, https:\/\/kidscourage.blinkenbox.net\/wp-content\/uploads\/2021\/05\/divider_tabelle_2-2048x27.png 2048w\" sizes=\"auto, (max-width: 1024px) 100vw, 1024px\" \/><\/figure>\n\n\n\n<div class=\"wp-block-columns alignfull is-layout-flex wp-container-core-columns-is-layout-9d6595d7 wp-block-columns-is-layout-flex\">\n<div class=\"wp-block-column is-layout-flow wp-block-column-is-layout-flow\" style=\"flex-basis:33.33%\">\n<figure class=\"wp-block-image size-large\"><img loading=\"lazy\" decoding=\"async\" width=\"1024\" height=\"695\" src=\"https:\/\/kidscourage.blinkenbox.net\/wp-content\/uploads\/2021\/04\/antidiskriminierung-scaled-e1618995602499-1024x695.jpg\" alt=\"\" class=\"wp-image-456\" srcset=\"https:\/\/kidscourage.blinkenbox.net\/wp-content\/uploads\/2021\/04\/antidiskriminierung-scaled-e1618995602499-1024x695.jpg 1024w, https:\/\/kidscourage.blinkenbox.net\/wp-content\/uploads\/2021\/04\/antidiskriminierung-scaled-e1618995602499-300x204.jpg 300w, https:\/\/kidscourage.blinkenbox.net\/wp-content\/uploads\/2021\/04\/antidiskriminierung-scaled-e1618995602499-768x521.jpg 768w, https:\/\/kidscourage.blinkenbox.net\/wp-content\/uploads\/2021\/04\/antidiskriminierung-scaled-e1618995602499-1536x1042.jpg 1536w, https:\/\/kidscourage.blinkenbox.net\/wp-content\/uploads\/2021\/04\/antidiskriminierung-scaled-e1618995602499.jpg 1810w\" sizes=\"auto, (max-width: 1024px) 100vw, 1024px\" \/><\/figure>\n<\/div>\n\n\n\n<div class=\"wp-block-column is-layout-flow wp-block-column-is-layout-flow\" style=\"flex-basis:66.66%\">\n<h4 class=\"wp-block-heading\">Projekttag A &#8211; Anderssein gewinnt!<\/h4>\n\n\n\n<p>In Bearbeitung.<\/p>\n<\/div>\n<\/div>\n\n\n\n<p><\/p>\n\n\n\n<div class=\"wp-block-buttons is-layout-flex wp-block-buttons-is-layout-flex\">\n<div class=\"wp-block-button is-style-outline is-style-outline--1\"><a class=\"wp-block-button__link\" href=\"https:\/\/kidscourage.blinkenbox.net\/index.php\/projekttag-buchen\/\">Projekttag buchen<\/a><\/div>\n<\/div>\n","protected":false},"excerpt":{"rendered":"<p>KidsCourage kommt in deine Schule! Wie verl\u00e4uft eigentlich so ein Projekttag mit KidsCourage? Wahrscheinlich ist es f\u00fcr dich noch ziemlich schwer vorzustellen, wie so ein Tag mit uns verl\u00e4uft. Es gibt 4 verschiedene Projekttage, die sich alle mit ein bisschen anderen Themen besch\u00e4ftigen. Der Ablauf ist aber immer sehr \u00e4hnlich. Lass es uns mal zusammenfassen: [&hellip;]<\/p>\n","protected":false},"author":2,"featured_media":0,"parent":0,"menu_order":0,"comment_status":"closed","ping_status":"closed","template":"","meta":{"footnotes":""},"class_list":["post-46","page","type-page","status-publish","hentry","entry"],"uagb_featured_image_src":{"full":false,"thumbnail":false,"medium":false,"medium_large":false,"large":false,"1536x1536":false,"2048x2048":false,"ocean-thumb-m":false,"ocean-thumb-ml":false,"ocean-thumb-l":false},"uagb_author_info":{"display_name":"courage-admin","author_link":"https:\/\/kidscourage.blinkenbox.net\/index.php\/author\/courage-admin\/"},"uagb_comment_info":0,"uagb_excerpt":"KidsCourage kommt in deine Schule! Wie verl\u00e4uft eigentlich so ein Projekttag mit KidsCourage? Wahrscheinlich ist es f\u00fcr dich noch ziemlich schwer vorzustellen, wie so ein Tag mit uns verl\u00e4uft. Es gibt 4 verschiedene Projekttage, die sich alle mit ein bisschen anderen Themen besch\u00e4ftigen. Der Ablauf ist aber immer sehr \u00e4hnlich. Lass es uns mal zusammenfassen:&hellip;","_links":{"self":[{"href":"https:\/\/kidscourage.blinkenbox.net\/index.php\/wp-json\/wp\/v2\/pages\/46","targetHints":{"allow":["GET"]}}],"collection":[{"href":"https:\/\/kidscourage.blinkenbox.net\/index.php\/wp-json\/wp\/v2\/pages"}],"about":[{"href":"https:\/\/kidscourage.blinkenbox.net\/index.php\/wp-json\/wp\/v2\/types\/page"}],"author":[{"embeddable":true,"href":"https:\/\/kidscourage.blinkenbox.net\/index.php\/wp-json\/wp\/v2\/users\/2"}],"replies":[{"embeddable":true,"href":"https:\/\/kidscourage.blinkenbox.net\/index.php\/wp-json\/wp\/v2\/comments?post=46"}],"version-history":[{"count":21,"href":"https:\/\/kidscourage.blinkenbox.net\/index.php\/wp-json\/wp\/v2\/pages\/46\/revisions"}],"predecessor-version":[{"id":1147,"href":"https:\/\/kidscourage.blinkenbox.net\/index.php\/wp-json\/wp\/v2\/pages\/46\/revisions\/1147"}],"wp:attachment":[{"href":"https:\/\/kidscourage.blinkenbox.net\/index.php\/wp-json\/wp\/v2\/media?parent=46"}],"curies":[{"name":"wp","href":"https:\/\/api.w.org\/{rel}","templated":true}]}}