{"id":3,"date":"2021-04-12T19:01:57","date_gmt":"2021-04-12T17:01:57","guid":{"rendered":"https:\/\/kidscourage.blinkenbox.net\/?page_id=3"},"modified":"2022-04-06T13:14:18","modified_gmt":"2022-04-06T11:14:18","slug":"datenschutzerklaerung","status":"publish","type":"page","link":"https:\/\/kidscourage.blinkenbox.net\/index.php\/datenschutzerklaerung\/","title":{"rendered":"Datenschutzerkl\u00e4rung"},"content":{"rendered":"\n<h1 class=\"wp-block-heading\">Datenschutzerkl\u00e4rung<\/h1>\n\n\n\n<p>Verantwortlich im Sinne der Datenschutzgesetze, insbesondere der EU-Datenschutzgrundverordnung (DSGVO), ist die:<\/p>\n\n\n\n<p>Sozialistische Jugend &#8211; Die Falken Berlin<\/p>\n\n\n\n<p>\u2013 Landesvorstand \u2013<\/p>\n\n\n\n<p>Schlossstra\u00dfe 19<\/p>\n\n\n\n<p>14059 Berlin<\/p>\n\n\n\n<h2 class=\"wp-block-heading\">1. Verschl\u00fcsselung<\/h2>\n\n\n\n<p>Um die Sicherheit Ihrer Daten bei der \u00dcbertragung zu sch\u00fctzen, verwenden wir Verschl\u00fcsselungsverfahren \u00fcber das sog. Hypertext Transfer Protocol Secure (HTTPS).<\/p>\n\n\n\n<h2 class=\"wp-block-heading\">2. Cookies<\/h2>\n\n\n\n<p>Diese Webseite setzt keine eigenen Cookies ein.<\/p>\n\n\n\n<h2 class=\"wp-block-heading\">3. Analytics and Tracking<\/h2>\n\n\n\n<p>Diese Webseite setzt keine eigenen Tracker, Social Media-Buttons oder Analytics-Services ein.<\/p>\n\n\n\n<h2 class=\"wp-block-heading\">4. E-Mail-Kontakt, sowie Kontakt- und Anmeldeformulare<\/h2>\n\n\n\n<p>Sofern Sie per E-Mail oder \u00fcber ein Kontaktformular den Kontakt mit uns aufnehmen, werden die von Ihnen \u00fcbermittelten personenbezogenen Daten automatisch gespeichert.<\/p>\n\n\n\n<p>Bei der Verwendung von auf dieser Seite bereitsgetellten Kontakt- und Anmeldeformularen werden Ihre personenbezogenen Daten f\u00fcr die unmittelbare \u00dcbertragung verschl\u00fcsselt (siehe 1.). Auf dem weiteren \u00dcbertragungswege (\u00dcbertragung der automatisch erstellten E-Mail zu uns) werden diese allerdings unverschl\u00fcsselt \u00fcbertragen, weshalb Sie sich auch jederzeit auf anderem Wege an uns wenden k\u00f6nnen.<\/p>\n\n\n\n<p>Die vorgenannten auf freiwilliger Basis von Ihnen an uns \u00fcbermittelten personenbezogenen Daten werden f\u00fcr Zwecke der Bearbeitung oder der Kontaktaufnahme zur betroffenen Person von uns gespeichert. Es erfolgt keine Weitergabe dieser personenbezogenen Daten an Dritte.<\/p>\n\n\n\n<h2 class=\"wp-block-heading\">5. Eingebettete Dienste von Drittanbietern<\/h2>\n\n\n\n<h3 class=\"wp-block-heading\">5.1 Eingebettete Youtube-Videos<\/h3>\n\n\n\n<p>Stellenweise sind auf dieser Webseite Videos \u00fcber die Seite des Anbieters Youtube LLC (&#8222;Youtube&#8220;) eingebettet, damit Sie diese direkt ansehen k\u00f6nnen. Youtube ist eine Tochtergesellschaft von Google LLC (&#8222;Google&#8220;), Amphitheatre Parkway, Mountain View, CA 94043, USA.<\/p>\n\n\n\n<p>Wenn Sie eine Seite mit eigebetteten YouTube-Videos besuchen, muss der von Ihnen verwendete Browser eine Verbindung zu Servern von Youtube aufnehmen. Hierdurch erlangt Youtube Kenntnis dar\u00fcber, dass \u00fcber Ihre IP-Adresse unsere Webseite aufgerufen wurde. Wird ein Youtube-Video gestartet, setzt der Anbieter Cookies ein, die Hinweise \u00fcber das Nutzerverhalten sammeln. Wer das Speichern von Cookies f\u00fcr das Google-Ad-Programm deaktiviert hat, wird auch beim Anschauen von Youtube-Videos mit keinen solchen Cookies rechnen m\u00fcssen. Youtube legt aber auch in anderen Cookies nicht-personenbezogene Nutzungsinformationen ab. M\u00f6chten Sie dies verhindern, so m\u00fcssen Sie das Speichern von Cookies im Browser blockieren. Wenn Sie in Ihrem Youtube-Account eingeloggt sind, kann Youtube Ihr Surfverhalten Ihnen pers\u00f6nlich zuzuordnen.<\/p>\n\n\n\n<p>Informationen zu den Datenschutz-Richtlinien von Youtube ergeben sich aus der&nbsp;<a href=\"https:\/\/policies.google.com\/privacy?hl=de\" rel=\"noreferrer noopener\" target=\"_blank\">Datenschutzerkl\u00e4rung von Google<\/a>.<\/p>\n\n\n\n<h2 class=\"wp-block-heading\">6. Server und Zugriffsdaten<\/h2>\n\n\n\n<h3 class=\"wp-block-heading\">6.1 Hosting und Serverstandort<\/h3>\n\n\n\n<p>Der Server f\u00fcr diese Webseite wird bereitgestellt durch die Hetzner Online GmbH (Industriestr. 25, 91710 Gunzenhausen, Deutschland) und betrieben durch die:<\/p>\n\n\n\n<p><strong>B\u00fcrogemeinschaft adminBox<\/strong><\/p>\n\n\n\n<p>Florian Krolikowski<\/p>\n\n\n\n<p>Weigandufer 45<\/p>\n\n\n\n<p>12059 Berlin<\/p>\n\n\n\n<p>Der Server steht in einem Rechenzentrum in Falkenstein\/Vogtl., Deutschland.<\/p>\n\n\n\n<h3 class=\"wp-block-heading\">6.2 Zugriffsdaten in Server-Logs<\/h3>\n\n\n\n<p>Bei jedem Aufruf unserer Webseite \u00fcbertr\u00e4gt Ihr Browser Informationen an den Server, aus denen dieser automatisch sog. Server-Logfiles erstellt.<\/p>\n\n\n\n<ul class=\"wp-block-list\"><li>Besuchte Webseite<\/li><li>Verwendeter Browser (Typ, Version)<\/li><li>Verwendetes Betriebssystem (Typ, Version)<\/li><li>Referrer-Adresse (Internetadresse, von welcher Sie auf unsere Seite verwiesen wurden)<\/li><li>Datum und Zeit der Server-Zugriffs<\/li><li>anonymisierte* IP-Adresse des aufrufenden Clients (* das letzte Oktett der IP-Adresse wird entfernt)<\/li><li>u.U. Host-Name des aufrufenden Clients<\/li><\/ul>\n\n\n\n<p>Auf diese Informationen haben die Webseitenbetreiberin sowie die Server-Betreiberin (&#8222;B\u00fcrogemeinschaft adminBox&#8220;) Zugriff. Diese Daten werden nicht mit Daten aus anderen Quellen kombiniert und werden in keinem Fall verwendet, um R\u00fcckschl\u00fcsse auf Ihre Person zu ziehen. Die Erhebung der Daten dient zu Fehlerbehebungen und der Vertragsabwicklung zwischen Webseitenbetreiberin und Greensta, sowie ggf. der Erf\u00fcllung von gesetzlichen Anforderungen. Die Daten werden nach Ablauf von 30 Tagen automatisch gel\u00f6scht.<\/p>\n\n\n\n<p>Rechtsgrundlage f\u00fcr die Datenverarbeitung ist Art. 6 Abs. 1 (f) DSGVO. Unser berechtigtes Interesse folgt aus den oben aufgelisteten Zwecken der Datenerhebung.<\/p>\n\n\n\n<h2 class=\"wp-block-heading\">7. Kontaktadresse<\/h2>\n\n\n\n<p>Bei Fragen zu unseren Ma\u00dfnahmen zum Schutz Ihrer Daten k\u00f6nnen Sie uns jederzeit unter&nbsp;<a href=\"mailto:anfrage-datenschutz@falken-berlin.de\">anfrage-datenschutz@falken-berlin.de<\/a>&nbsp;kontaktieren.<\/p>\n","protected":false},"excerpt":{"rendered":"<p>Datenschutzerkl\u00e4rung Verantwortlich im Sinne der Datenschutzgesetze, insbesondere der EU-Datenschutzgrundverordnung (DSGVO), ist die: Sozialistische Jugend &#8211; Die Falken Berlin \u2013 Landesvorstand \u2013 Schlossstra\u00dfe 19 14059 Berlin 1. Verschl\u00fcsselung Um die Sicherheit Ihrer Daten bei der \u00dcbertragung zu sch\u00fctzen, verwenden wir Verschl\u00fcsselungsverfahren \u00fcber das sog. Hypertext Transfer Protocol Secure (HTTPS). 2. Cookies Diese Webseite setzt keine eigenen [&hellip;]<\/p>\n","protected":false},"author":1,"featured_media":0,"parent":0,"menu_order":0,"comment_status":"closed","ping_status":"open","template":"","meta":{"footnotes":""},"class_list":["post-3","page","type-page","status-publish","hentry","entry"],"uagb_featured_image_src":{"full":false,"thumbnail":false,"medium":false,"medium_large":false,"large":false,"1536x1536":false,"2048x2048":false,"ocean-thumb-m":false,"ocean-thumb-ml":false,"ocean-thumb-l":false},"uagb_author_info":{"display_name":"bbx-admin","author_link":"https:\/\/kidscourage.blinkenbox.net\/index.php\/author\/bbx-admin\/"},"uagb_comment_info":0,"uagb_excerpt":"Datenschutzerkl\u00e4rung Verantwortlich im Sinne der Datenschutzgesetze, insbesondere der EU-Datenschutzgrundverordnung (DSGVO), ist die: Sozialistische Jugend &#8211; Die Falken Berlin \u2013 Landesvorstand \u2013 Schlossstra\u00dfe 19 14059 Berlin 1. Verschl\u00fcsselung Um die Sicherheit Ihrer Daten bei der \u00dcbertragung zu sch\u00fctzen, verwenden wir Verschl\u00fcsselungsverfahren \u00fcber das sog. Hypertext Transfer Protocol Secure (HTTPS). 2. Cookies Diese Webseite setzt keine eigenen&hellip;","_links":{"self":[{"href":"https:\/\/kidscourage.blinkenbox.net\/index.php\/wp-json\/wp\/v2\/pages\/3","targetHints":{"allow":["GET"]}}],"collection":[{"href":"https:\/\/kidscourage.blinkenbox.net\/index.php\/wp-json\/wp\/v2\/pages"}],"about":[{"href":"https:\/\/kidscourage.blinkenbox.net\/index.php\/wp-json\/wp\/v2\/types\/page"}],"author":[{"embeddable":true,"href":"https:\/\/kidscourage.blinkenbox.net\/index.php\/wp-json\/wp\/v2\/users\/1"}],"replies":[{"embeddable":true,"href":"https:\/\/kidscourage.blinkenbox.net\/index.php\/wp-json\/wp\/v2\/comments?post=3"}],"version-history":[{"count":2,"href":"https:\/\/kidscourage.blinkenbox.net\/index.php\/wp-json\/wp\/v2\/pages\/3\/revisions"}],"predecessor-version":[{"id":1172,"href":"https:\/\/kidscourage.blinkenbox.net\/index.php\/wp-json\/wp\/v2\/pages\/3\/revisions\/1172"}],"wp:attachment":[{"href":"https:\/\/kidscourage.blinkenbox.net\/index.php\/wp-json\/wp\/v2\/media?parent=3"}],"curies":[{"name":"wp","href":"https:\/\/api.w.org\/{rel}","templated":true}]}}